emainder when l is divided by u.
17
Let n = -9530 + 9830. What is the remainder when 740 is divided by n?
140
Let v(b) be the third derivative of -b**4/24 + 2*b**3 + 97*b**2. What is the remainder when 36 is divided by v(-8)?
16
Let g(t) be the second derivative of t**4/12 - t**3/2 + 21*t**2/2 + 3*t - 4. What is the remainder when 60 is divided by g(0)?
18
What is the remainder when 22*409*(288/216 + (-5)/6) is divided by 36?
35
Let h(o) = 6*o - 13. Let a be h(9). Let q = -1 + a. What is the remainder when 21 is divided by 44*(-5)/q*-2?
10
Let a(u) = 29*u + 13. Suppose z = -2*g + 10 + 15, 2*z - 5 = -g. Calculate the remainder when a(3) is divided by g.
10
Let i = -933 + 1439. Let p = -494 + i. What is the remainder when 32 is divided by p?
8
Let s = -107 + 186. Suppose 0 = 59*l - s*l + 460. What is the remainder when l is divided by 3?
2
Let j = -138 - -164. Suppose -7*p = 177 - 611. What is the remainder when p is divided by j?
10
Suppose 4*k = -0*q - 3*q - 2259, 0 = 3*k - 4*q + 1688. Let u = k + 577. Suppose -3*c + 4*c - 6 = w, 3*w = 2*c - 9. What is the remainder when u is divided by c?
4
Let t(w) = -19*w + 336. Calculate the remainder when 701 is divided by t(16).
29
Let f = 51 - 30. Let x(i) = i**2 - 10*i + 8. Let v be x(9). Calculate the remainder when (v + 4/20)/(1/(-50)) is divided by f.
19
Let y be (5/2)/((-6)/(-84)). Let m = y + -25. Calculate the remainder when 34 is divided by 46/m + 12/30.
4
Let a(r) = 31*r**3 - 6*r**2 - 26*r + 76. Calculate the remainder when a(3) is divided by 256.
13
Let m(b) = b**3 + 15*b**2 + 13*b + 4. Let z(k) = -8*k - 200. What is the remainder when z(-42) is divided by m(-14)?
10
Let b = -1375 - -1569. What is the remainder when 2127 is divided by b?
187
Let f(k) = 2*k**2 - 4*k - 6. Let x be ((-8)/2 + 3)*-3. Suppose 3*n + 21 - 9 = 0, -4*n - 28 = -x*z. What is the remainder when 39 is divided by f(z)?
9
Let c be -14*1 + (-4 - -6). Let v(l) = 15*l - 6. What is the remainder when v(4) is divided by (9 - (-102)/c)/(2/44)?
10
Suppose s + s = 4. Suppose -25*z = -17*z + 408. Let m = z + 57. What is the remainder when m is divided by s?
0
Let c(y) = -14*y**3 + 16*y**2 + 64*y + 20. What is the remainder when c(-5) is divided by 81?
68
Let y(x) = 6*x - 30. Let u be y(6). Let j(l) = 24*l - 44. Calculate the remainder when j(u) is divided by 52.
48
Suppose -11*v - 3*h = -6*v - 170, -v - 4*h + 51 = 0. What is the remainder when v is divided by 13?
5
Let l(c) = -c**3 + 15*c**2 + c + 8. Suppose 10*j - 7*j - 45 = 0. What is the remainder when l(j) is divided by 8?
7
Suppose 1348 = 5*m - 4*a, -3*a - 542 = -93*m + 91*m. Calculate the remainder when 316 is divided by m.
48
Let h(n) = -6*n**3 + 82*n**2 + 16*n - 71. What is the remainder when h(8) is divided by 114?
67
Suppose 2914 = 96*m - 4121 - 1893. What is the remainder when 273 is divided by m?
87
Suppose 72*o = 75*o - 6477. Suppose -359 = 36*h - o. Calculate the remainder when h is divided by 3.
2
Let t = -320 + 399. Suppose 144 = 5*p - 4*j + 2*j, -4*j = -p + 36. Calculate the remainder when t is divided by p.
23
Suppose -2 = p - 18. Let s = 22 - p. Suppose 5*r - 92 = 2*n, -s*r + 2*r = 5*n - 67. Calculate the remainder when 70 is divided by r.
16
Let v = -37 + 42. Suppose -k + 3*r + 14 = 5*r, 0 = v*k + r - 43. Let o = 652 - 640. What is the remainder when o is divided by k?
4
Suppose 184*j - 1105 - 309 = 58. Let l(y) = -y**3 - 4*y**2 + 4*y - 6. Calculate the remainder when l(-6) is divided by j.
2
Suppose 4*f - 3*v - 17 - 16 = 0, -3*v - 9 = 0. Calculate the remainder when (-57)/(-4)*56/f is divided by 8.
5
Suppose 4*l - 2*l - 32 = 0. Suppose -4*w - 9 = -3*s - 2, -2*w + 4*s = 16. What is the remainder when l is divided by w?
0
Suppose 2*i - 3*i = 2*w - 64, -3*i = -5*w + 171. What is the remainder when 151 is divided by w?
19
Suppose 0 = 22*y - 770 - 27 - 347. What is the remainder when 519 is divided by y?
51
Suppose -2*o + 2*g + 14 = 0, -2*o = -g + 11 - 25. Suppose 187 = o*q + 47. Calculate the remainder when 79 is divided by q.
19
Suppose 3 = m - 13. Let f = 99 - -19. Let k = f - 88. What is the remainder when k is divided by m?
14
Let j = -411 + 431. Suppose -50 = -k - 2*l, -15*l = -k - j*l + 44. What is the remainder when 160 is divided by k?
52
Suppose 0 + 3 = y. Suppose -v - 1104 = -16*s + 950, -3*s + 5*v + 414 = 0. What is the remainder when s is divided by ((-1)/y)/(1/(-39))?
11
Let b(w) = 120*w**2 - w. Calculate the remainder when b(-1) is divided by (-5)/10*-1 - 189/(-6).
25
Suppose -419 = 21*b - 125. Suppose -2*i = -0*i - 82. Let r = b + i. Calculate the remainder when 134 is divided by r.
26
Let h(k) = 6*k**2 - 29*k - 2. What is the remainder when 287 is divided by h(7)?
20
What is the remainder when (-2688)/(-80) + -6 + (-162)/(-30) is divided by 14?
5
Let i = -131 - -178. Let u(x) be the first derivative of 10*x**3/3 + x**2/2 + x + 2. Calculate the remainder when i is divided by u(-1).
7
Let w(y) = 7*y**2. Let z be w(3). Let l = z - 38. Calculate the remainder when 100 - ((-4)/26 - 56/(-26)) is divided by l.
23
Let d(k) = k**3 - 4*k**2 - k - 17. Suppose -6*a + 10 = -2. Suppose y - a*j = 15, -4*y = -j + 3*j - 10. Calculate the remainder when d(y) is divided by 1.
0
Let a(s) = -4*s + 12. Let c = -1323 + 1338. Calculate the remainder when a(-10) is divided by c.
7
Calculate the remainder when 25386/22 - -10*(-46)/(-5060) is divided by 44.
10
Let p(c) be the first derivative of 61*c**4/4 - c**3/3 - 2*c**2 + 4*c - 84. Calculate the remainder when p(1) is divided by 2*(-1 - (-23)/2).
18
Let l = -17 - -126. Suppose 1003 = 8*a - l. Suppose 0*f - 3*f + 83 = 2*y, 0 = 4*f - 3*y - a. Calculate the remainder when f is divided by 17.
14
Suppose -18*o = -x - 13*o + 697, 0 = -2*x + 3*o + 1373. What is the remainder when x is divided by 53?
46
Calculate the remainder when 402 is divided by -10 + (2 - -3) - -13*(7 + -4).
28
Let s be -1*(-1)/(4/(208/4)). Let w be (-6)/2 - (s - 16). Suppose w = -6*m - 0*m + 6. What is the remainder when 1 is divided by m?
0
Suppose 5*u + 297 = 4*w - 2*w, -5*u - 3*w = 317. Let o = -49 - u. What is the remainder when 20 is divided by o?
8
Let g = 100 + -101. Calculate the remainder when (g + 1 - 3) + 94 + 1 is divided by 20.
12
Calculate the remainder when 622 is divided by 86/(-473) - 20/(-6)*(-636)/(-44).
46
Suppose 2*v + 3 + 0 = k, -5*v + 6 = 2*k. Suppose -2*f - 3*f = 4*n - 56, n - 4*f + 7 = v. Calculate the remainder when 53 is divided by n + 1 + -2 + 0/(-3).
5
Let y(t) = -19*t**2 + 424*t - 29. What is the remainder when 1721 is divided by y(22)?
73
Suppose 4*h - v = 14773 - 4230, -2*v + 7910 = 3*h. What is the remainder when h is divided by 44?
40
Let y = -33 - -70. Suppose 4*k - 45 = -y. Suppose -47 = l - k*l. What is the remainder when l is divided by 12?
11
Let s(j) = j**3 + 10*j**2 - 18*j - 9. What is the remainder when (12/10)/((-12)/(-1320)) is divided by s(-11)?
64
Let w = 3 - 3. Suppose -o = -2*r - 6*o + 18, w = -r - 3*o + 10. Suppose 0 = r*j + j - 330. Calculate the remainder when j is divided by 35.
31
Let b(a) = 36*a + 213. What is the remainder when 113 is divided by b(-5)?
14
Let v = -468 + 329. Let m = -133 - v. What is the remainder when 32 is divided by m?
2
Let g(s) = -46*s + 2 - 42*s - 39*s + s**2 + 16 + 121*s. Calculate the remainder when g(-7) is divided by 11.
10
Let g be (-32)/(-10)*(9 - 4). What is the remainder when (459/(-36))/((-6)/g) is divided by -3*(4 + -3 + -4)?
7
Suppose -33*z + 31*z = -232. Let c = z - 80. What is the remainder when 102 is divided by c?
30
Suppose -6*n + 96 = -2*n + 2*p, n + 3*p - 14 = 0. Suppose 0 = -3*j + 69*j - 3300. What is the remainder when j is divided by n?
24
Let l = -516 - -609. Suppose 21*h = 22*h - 47. What is the remainder when l is divided by h?
46
Let h = 2128 - 2054. Calculate the remainder when 203 is divided by h.
55
Suppose 19 = h + 2*o, 110 = 5*h - 5*o - 0*o. Suppose 3*m + 0*m = 189. Let l = m + -1. What is the remainder when l is divided by h?
20
Let g = 5911 + -5872. What is the remainder when 341 is divided by g?
29
Let k = -1748 + 1875. What is the remainder when k is divided by 45?
37
Let a be ((-72)/15)/((-34)/255). Suppose -34*f = -28*f - a. What is the remainder when 7 is divided by f?
1
What is the remainder when (36 - 51)*1*-55 is divided by 139?
130
Suppose